der when 346 is divided by 108?
22
What is the remainder when 119 is divided by 4?
3
Calculate the remainder when 439 is divided by 26.
23
Calculate the remainder when 7331 is divided by 282.
281
Calculate the remainder when 232 is divided by 50.
32
Calculate the remainder when 62 is divided by 23.
16
What is the remainder when 694 is divided by 17?
14
What is the remainder when 121 is divided by 62?
59
What is the remainder when 213 is divided by 32?
21
Calculate the remainder when 51 is divided by 4.
3
Calculate the remainder when 1391 is divided by 45.
41
Calculate the remainder when 212 is divided by 33.
14
Calculate the remainder when 267 is divided by 17.
12
What is the remainder when 2596 is divided by 1277?
42
What is the remainder when 1202 is divided by 27?
14
Calculate the remainder when 163 is divided by 85.
78
Calculate the remainder when 640 is divided by 25.
15
What is the remainder when 423 is divided by 17?
15
What is the remainder when 421 is divided by 356?
65
What is the remainder when 507 is divided by 103?
95
Calculate the remainder when 155 is divided by 21.
8
What is the remainder when 574 is divided by 58?
52
Calculate the remainder when 328 is divided by 185.
143
Calculate the remainder when 2189 is divided by 10.
9
Calculate the remainder when 2963 is divided by 54.
47
Calculate the remainder when 332 is divided by 127.
78
What is the remainder when 896 is divided by 59?
11
Calculate the remainder when 63 is divided by 61.
2
What is the remainder when 1647 is divided by 181?
18
What is the remainder when 297 is divided by 127?
43
Calculate the remainder when 35 is divided by 16.
3
What is the remainder when 3233 is divided by 13?
9
What is the remainder when 2869 is divided by 716?
5
Calculate the remainder when 386 is divided by 43.
42
What is the remainder when 2234 is divided by 43?
41
What is the remainder when 447 is divided by 92?
79
Calculate the remainder when 34 is divided by 25.
9
Calculate the remainder when 1576 is divided by 24.
16
What is the remainder when 1331 is divided by 268?
259
Calculate the remainder when 14880 is divided by 121.
118
What is the remainder when 14 is divided by 7?
0
Calculate the remainder when 173 is divided by 31.
18
What is the remainder when 6758 is divided by 130?
128
What is the remainder when 33 is divided by 4?
1
What is the remainder when 257 is divided by 20?
17
Calculate the remainder when 299 is divided by 10.
9
Calculate the remainder when 157 is divided by 28.
17
Calculate the remainder when 28 is divided by 6.
4
Calculate the remainder when 408 is divided by 16.
8
What is the remainder when 459 is divided by 42?
39
Calculate the remainder when 1508 is divided by 21.
17
What is the remainder when 190 is divided by 25?
15
Calculate the remainder when 75 is divided by 16.
11
Calculate the remainder when 289 is divided by 17.
0
Calculate the remainder when 531 is divided by 68.
55
Calculate the remainder when 42 is divided by 41.
1
Calculate the remainder when 142 is divided by 54.
34
Calculate the remainder when 1975 is divided by 104.
103
What is the remainder when 1241 is divided by 408?
17
Calculate the remainder when 1 is divided by 1.
0
What is the remainder when 25413 is divided by 24?
21
Calculate the remainder when 3806 is divided by 14.
12
Calculate the remainder when 130 is divided by 4.
2
What is the remainder when 4963 is divided by 191?
188
Calculate the remainder when 559 is divided by 149.
112
Calculate the remainder when 1133 is divided by 95.
88
Calculate the remainder when 39 is divided by 7.
4
Calculate the remainder when 186 is divided by 116.
70
What is the remainder when 178 is divided by 31?
23
Calculate the remainder when 2007 is divided by 41.
39
Calculate the remainder when 538 is divided by 54.
52
What is the remainder when 739 is divided by 57?
55
Calculate the remainder when 13925 is divided by 376.
13
What is the remainder when 1250 is divided by 305?
30
What is the remainder when 2637 is divided by 203?
201
Calculate the remainder when 332 is divided by 231.
101
Calculate the remainder when 1124 is divided by 287.
263
What is the remainder when 191 is divided by 16?
15
What is the remainder when 1698 is divided by 25?
23
What is the remainder when 65 is divided by 37?
28
Calculate the remainder when 216 is divided by 90.
36
Calculate the remainder when 838 is divided by 105.
103
What is the remainder when 6728 is divided by 15?
8
What is the remainder when 7449 is divided by 92?
89
What is the remainder when 1198 is divided by 260?
158
What is the remainder when 254 is divided by 68?
50
Calculate the remainder when 69 is divided by 36.
33
Calculate the remainder when 446 is divided by 56.
54
What is the remainder when 644 is divided by 59?
54
What is the remainder when 336 is divided by 126?
84
What is the remainder when 2402 is divided by 2400?
2
Calculate the remainder when 1449 is divided by 13.
6
What is the remainder when 48 is divided by 18?
12
Calculate the remainder when 22866 is divided by 11.
8
Calculate the remainder when 208 is divided by 70.
68
Calculate the remainder when 194 is divided by 185.
9
What is the remainder when 615 is divided by 204?
3
What is the remainder when 104 is divided by 39?
26
Calculate the remainder when 539 is divided by 10.
9
Calculate the remainder when 250 is divided by 65.
55
Calculate the remainder when 459 is divided by 92.
91
Calculate the remainder when 1149 is divided by 36.
33
What is the remainder when 3624 is divided by 74?
72
What is the remainder when 1178 is divided by 18?
8
What is the remainder when 54 is divided by 26?
2
What is the remainder when 72491 is divided by 28?
27
Calculate the remainder when 5165 is divided by 76.
73
What is the remainder when 519 is divided by 65?
64
What is the remainder when 1078 is divided by 352?
22
What is the remainder when 293 is divided by 140?
13
What is the remainder when 91 is divided by 39?
13
Calculate the remainder when 68 is divided by 14.
12
What is the remainder when 419 is divided by 7?
6
What is the remainder when 3180 is divided by 74?
72
Calculate the remainder when 650 is divided by 209.
23
What is the remainder when 661 is divided by 6?
1
What is the remainder when 173 is divided by 30?
23
Calculate the remainder when 855 is divided by 297.
261
What is the remainder when 62 is divided by 17?
11
Calculate the remainder when 613 is divided by 5.
3
What is the remainder when 966 is divided by 325?
316
Calculate the remainder when 281 is divided by 148.
133
Calculate the remainder when 411 is divided by 85.
71
What is the remainder when 779 is divided by 47?
27
Calculate the remainder when 349 is divided by 30.
19
Calculate the remainder when 1220 is divided by 35.
30
What is the remainder when 7111 is divided by 28?
27
Calculate the remainder when 3498 is divided by 30.
18
Calculate the remainder when 128 is divided by 26.
24
What is the remainder when 2004 is divided by 69?
3
Calculate the remainder when 242 is divided by 223.
19
Calculate the remainder when 147 is divided by 39.
30
Calculate the remainder when 790 is divided by 46.
8
Calculate the remainder when 98 is divided by 27.
17
What is the remainder when 99 is divided by 34?
31
What is the remainder when 4881 is divided by 111?
108
What is the remainder when 16 is divided by 2?
0
What is the remainder when 849 is divided by 229?
162
Calculate the remainder when 2769 is divided by 7.
4
What is the remainder when 1379 is divided by 115?
114
What is the remainder when 430 is divided by 408?
22
What is the remainder when 2648 is divided by 34?
30
What is the remainder when 78 is divided by 17?
10
Calculate the remainder when 2678 is divided by 26.
0
What is the remainder when 121 is divided by 46?
29
Calculate the remainder when 914 is divided by 10.
4
Calculate the remainder when 35 is divided by 3.
2
What is the remainder when 3537 is divided by 1175?
12
What is the remainder when 1397 is divided by 35?
32
What is the remainder when 79 is divided by 24?
7
What is the remainder when 79 is divided by 12?
7
What is the remainder when 486 is divided by 38?
30
What is the remainder when 223 is divided by 32?
31
Calculate the remainder when 1388 is divided by 65.
23
What is the